late z(-24).
-3
Let n(s) = s**3 - 10*s**2 + 10*s - 9. Give n(9).
0
Let s(h) = 4*h + 37. Determine s(-9).
1
Let t(b) = -14*b + 2. Give t(1).
-12
Let f(t) = -t**3 - 11*t**2 - 9*t + 13. What is f(-10)?
3
Let n(w) = -21*w - 3. Calculate n(0).
-3
Let y(a) = 3*a**3 + 2*a**2 - a - 3. What is y(-2)?
-17
Let t(l) = -l**2 - 7*l - 1. Give t(-6).
5
Let t(r) = -2*r**3 - 6*r**2 + 5. Give t(-4).
37
Let y(z) = -71*z + 290. Determine y(4).
6
Let q(o) = 19*o + 46. Give q(0).
46
Let u(l) = 8*l**2 + 5*l. Calculate u(-2).
22
Let x(i) = 54*i + 1136. Give x(-21).
2
Let z(u) = -u**2 + 12*u + 11. Determine z(13).
-2
Let b(a) = -a**3 - 10*a**2 - 2*a - 4. What is b(-10)?
16
Let k(r) = 18*r - 5. What is k(5)?
85
Let g(a) = -a**2 - 43*a + 87. What is g(-45)?
-3
Let q(k) = k - 34. What is q(-23)?
-57
Let u(y) = 14*y + 42. Calculate u(-9).
-84
Let g(m) = -m**3 - 5*m**2 + 7*m - 2. Give g(-6).
-8
Let u(q) = q - 12. Calculate u(8).
-4
Let t(j) = 2*j**3 - 5*j**2 + 3*j + 1. What is t(5)?
141
Let y(g) = -6*g - 137. Determine y(-13).
-59
Let h(w) = -34*w + 1251. Calculate h(37).
-7
Let u(w) = -w**3 + 8*w**2 - w + 27. What is u(8)?
19
Let n(a) = 16*a**2 + 142*a - 12. Calculate n(-9).
6
Let w(q) = 2*q - 5. Determine w(3).
1
Let i(w) = w**2 - 10*w - 132. Give i(18).
12
Let m(u) = -6*u**2 + 2*u + 12. What is m(4)?
-76
Let z(s) = -s**3 + 9*s**2 + 4*s + 64. What is z(10)?
4
Let l(t) = t**3 - 5*t**2 - 11*t - 3. Calculate l(7).
18
Let i(f) = -4*f + 44. Give i(15).
-16
Let z(r) = 5*r**2 - 192*r - 114. What is z(39)?
3
Let m(y) = y**3 - 7*y**2 - 5*y - 2. Give m(-2).
-28
Let l(y) = -y + 5. Calculate l(0).
5
Let b(u) = -2*u + 21. Determine b(0).
21
Let h(a) = -5*a - 33. Calculate h(-16).
47
Let c(u) = u**3 - 7*u**2 + 8*u - 10. Calculate c(6).
2
Let g(f) = -f**2 - 15*f - 15. What is g(-14)?
-1
Let i(g) = 3*g**3 + 4*g**2 + 3*g + 1. Calculate i(-2).
-13
Let y(f) = -f**3 + 8*f**2 - 10. Determine y(8).
-10
Let m(i) = -6*i + 8. Calculate m(12).
-64
Let a(d) = -2*d**3 + 2*d**2 - 3*d + 3. What is a(3)?
-42
Let k(r) = -2*r**2 + 19*r - 8. Calculate k(9).
1
Let y(g) = 2*g + 21. Give y(-14).
-7
Let a(r) = r**2 + 59*r + 619. Calculate a(-14).
-11
Let k(q) = -q + 3. Determine k(-27).
30
Let i(l) = 3*l**3 + 3*l**2 + 2*l. Give i(-2).
-16
Let j(f) = -f**3 + 5*f**2 + 3. Calculate j(5).
3
Let m(q) = q**3 + 4*q**2 - 4*q - 4. What is m(-5)?
-9
Let m(r) = r**2 + 15*r + 22. Determine m(-13).
-4
Let l(n) = 6*n**2 + 36*n + 9. What is l(-6)?
9
Let t(r) = r + 34. Give t(-33).
1
Let k(z) = -z + 10. Calculate k(2).
8
Let j(z) = 6*z - 2. Give j(0).
-2
Let t(z) = -z**2 - 3*z + 10. Give t(-6).
-8
Let k(s) = s + 11. Give k(-6).
5
Let g(f) = f**2 + 13*f - 119. Calculate g(-19).
-5
Let a(r) = -r**3 + 13*r**2 - 12*r + 7. Give a(12).
7
Let s(f) = -9*f + 22. Determine s(3).
-5
Let u(z) = 18*z + 6. What is u(-4)?
-66
Let w(x) = x**3 - 2*x**2 + 3*x + 3. Give w(3).
21
Let y(a) = -a**2 + 7*a - 19. Determine y(3).
-7
Let u(p) = p + 7. Determine u(-5).
2
Let m(y) = 12*y + 75. Determine m(-7).
-9
Let t(n) = -n**2 + 8*n - 4. What is t(5)?
11
Let c(q) = 11*q**3 - q**2 - q. Calculate c(-1).
-11
Let b(c) = -130*c**3 + c**2 + 2*c - 3. Determine b(1).
-130
Let g(c) = 8*c + 12. What is g(-2)?
-4
Let v(p) = -10*p - 116. Calculate v(-12).
4
Let x(v) = -v**2 + 3*v. Give x(3).
0
Let c(k) = 47*k + 1. Determine c(1).
48
Let f(g) = 8*g**3 + 2*g**2 - 1. What is f(-1)?
-7
Let a(q) = -14*q + 789. What is a(56)?
5
Let g(s) = -s - 5. Give g(-10).
5
Let i(w) = -2*w**3 + 9*w**2 - 14*w + 1. Give i(6).
-191
Let c(b) = b**2 - 2*b - 12. Give c(4).
-4
Let n(d) = -3*d - 4. Determine n(-4).
8
Let d(y) = -y**2 - 12*y + 16. Give d(-12).
16
Let d(o) = 2*o**2 + 9*o - 11. Calculate d(-5).
-6
Let j(c) = 7*c**2 - c - 30. What is j(0)?
-30
Let u(o) = 4*o + 30. Calculate u(-9).
-6
Let q(v) = -v - 9. Determine q(-10).
1
Let n(s) = s**3 + 3*s**2 - 9*s + 10. What is n(-5)?
5
Let x(d) = -3*d**2 + 3*d + 13. Give x(6).
-77
Let m(w) = -w**2 - 3*w + 42. Give m(-8).
2
Let n(w) = w**2 - 5*w + 1. Give n(2).
-5
Let w(f) = 2*f**2 - 33*f + 23. Determine w(15).
-22
Let u(k) = 5*k + 4. What is u(-5)?
-21
Let z(q) = q**3 + 2*q**2 - 8*q + 31. Determine z(-5).
-4
Let o(r) = 2*r**2 + 18*r - 13. Determine o(-10).
7
Let k(z) = z**3 - 3*z**2 - 10*z - 13. Determine k(5).
-13
Let n(u) = -5*u**2 + 47*u + 160. Determine n(12).
4
Let f(t) = 5*t + 13. What is f(-4)?
-7
Let a(q) = -q**2 - 18*q + 22. Give a(-12).
94
Let m(g) = g**2 - 9*g + 12. What is m(3)?
-6
Let n(x) = x**2 - 15*x + 11. Determine n(14).
-3
Let k(t) = t**2 + 19*t + 38. What is k(-15)?
-22
Let b(x) = -4*x + 42. What is b(9)?
6
Let b(f) = 8*f - 3. Determine b(2).
13
Let a(f) = 18*f**3 - 7*f + 6. Determine a(1).
17
Let l(y) = 2*y - 8. What is l(2)?
-4
Let y(v) = -3*v - 52. Give y(-20).
8
Let a(p) = 17*p**2 - 2*p + 2. Calculate a(2).
66
Let j(m) = -7*m - 65. Give j(-25).
110
Let j(d) = -d**3 - 5*d**2 - d + 3. Give j(-4).
-9
Let x(l) = l**3 - l**2 - 2*l - 5. Give x(-3).
-35
Let z(l) = 9*l**2 - 4*l + 5. What is z(2)?
33
Let m(c) = -12*c - 30. Calculate m(-7).
54
Let b(k) = 13*k - 24. Give b(2).
2
Let j(m) = -6*m**3 + 24*m**2 + 8*m - 5. Give j(4).
27
Let b(n) = 9*n + 38. Calculate b(-5).
-7
Let q(t) = t**2 + 9*t + 1. What is q(-7)?
-13
Let i(a) = -a**2 + 18*a - 12. Calculate i(20).
-52
Let p(n) = 2*n + 6. Calculate p(-4).
-2
Let t(d) = -4*d**2 + 17*d - 3. Give t(4).
1
Let v(k) = -4*k**2 - 3*k + 1. What is v(2)?
-21
Let s(k) = -34*k + 479. Give s(14).
3
Let a(p) = -12*p - 11. Give a(-5).
49
Let c(m) = 5*m - 124. Determine c(26).
6
Let m(q) = -3*q**2 - 7. Calculate m(-3).
-34
Let f(y) = -3*y + 7. Calculate f(8).
-17
Let r(a) = -a**3 + 23*a**2 - 23*a + 53. Calculate r(22).
31
Let o(f) = -3*f + 23. Calculate o(2).
17
Let g(k) = 16*k - 1. What is g(5)?
79
Let b(f) = f**2 - 7*f - 10. Determine b(0).
-10
Let g(c) = c**2 + 6*c - 8. Determine g(-5).
-13
Let y(x) = 4*x + 61. Give y(-15).
1
Let w(x) = -2*x - 7. What is w(-18)?
29
Let o(d) = -25*d - 13. Give o(4).
-113
Let f(k) = 4*k - 30. Give f(11).
14
Let i(d) = -36*d**3 + d**2 - 4*d + 2. Give i(1).
-37
Let t(r) = -3*r**3 - r**2 + 3*r + 2. Give t(-2).
16
Let j(o) = -13*o + 83. Calculate j(7).
-8
Let l(s) = s + 9. Give l(-16).
-7
Let g(u) = -u**3 + 7*u**2 - 7*u - 10. Determine g(6).
-16
Let u(j) = -2*j**2 - 3*j - 6. Calculate u(-3).
-15
Let w(h) = -2*h**2 + 6*h - 1. Give w(4).
-9
Let w(t) = 2*t - 16. Calculate w(8).
0
Let b(w) = -w**3 + 7*w**2 - 6*w + 5. Give b(5).
25
Let w(p) = -7*p**2 - 65*p + 64. Determine w(1).
-8
Let b(v) = -v - 21. Give b(-40).
19
Let s(q) = -6*q**2 + 9*q - 1. Give s(3).
-28
Let x(m) = -2*m**3 + 19*m**2 - 25*m + 9. What is x(8)?
1
Let l(b) = 40*b - 6. What is l(2)?
74
Let j(z) = -2*z**3 + 11*z**2 + 13*z + 63. Determine j(7).
7
Let m(p) = 29*p + 119. What is m(-7)?
-84
Let z(j) = j**2 - 4*j. Give z(7).
21
Let b(s) = s**3 + s**2 - s + 42. What is b(0)?
42
Let g(w) = w**3 - w**2 - w - 41. Determine g(0).
-41
Let x(p) = -p**2 - 22*p - 86. Calculate x(-17).
-1
Let b(f) = -f**3 - f**2 - 2*f - 2. Calculate b(-2).
6
Let h(y) = -y**3 - 23*y**2 - 3*y - 36. Calculate h(-23).
33
Let s(q) = -32*q - 14. Determine s(-1).
18
Let u(a) = a**2 - 7*a + 3. Determine u(5).
-7
Let a(f) = 2*f**3 - 74*f**2 + 3*f - 80. Determine a(37).
31
Let b(y) = -y**2 - y + 5. Give b(3).
-7
Let f(s) = -27*s. Determine f(2).
-54
Let w(k) = 8*k - 1. Calculate w(-5).
-41
Let v(n) = -n**2 - 17*n - 5. Calculate v(-17).
-5
Let w(q) = 4*q + 4. Give w(-2).
-4
Let y(d) = -5*d**2 + 248*d - 142. Determine y(49).
5
Let d(y) = 3*y - 4. Determine d(-2).
-10
Let c(p) = -p**3 - 13*p**2 - 13*p + 3. Give c(-12).
15
Let t(s) = 4*s + 18. What is t(8)?
50
Let b(g) = g**3 + g**2 - 4*g + 2. What is b(1)?
0
Let k(q) = 6*q - 6. What is k(-1)?
-12
Let g(w) = -w**2 - 17*w - 27. Calculate g(-22).
-137
Let f(l) = -l**3 - 34*l**2 - 28*l + 169. What is f(-33)?
4
Let b(m) = -m**2 - m + 8. Give b(-8).
-48
Let b(v) = v**3 - 6*v**2 + 1. Determine b(7).
50
Let l(h) = h**3 + h**2 - h - 29. Determine l(0).
-29
Let s(t) = -82*t + 76. Give s(1).
-6
Let k(a) = -a**2 + 2*a + 25. What is k(-3)?
10
Let c(o) = -o**3 - 4*o**2 - 5*o + 1. Give c(-2).
3
Let t(j) = 4*j**3 + 4*j**2 - 3*j + 1. Determine t(2).
43
Let r(t) = -t**2 + 38*t - 77. Give r(36).
-5
Let q(g) = g**3 + 7*g**2 - 8. Give q(-7).
-8
Let h(s) = s**3 + 14*s**2 + 25*s + 22. Determine h(-12).
10
Let 